 - 10 - (19 + -25).
0
Calculate -5 - (-6 - 2 - -6).
-3
What is the value of 1 - 1 - (6 - (-3 + 6))?
-3
What is the value of (-4 - -2) + -2 - -8?
4
Calculate -5 - (-1 - 3 - -5 - 5).
-1
What is the value of -1 + 6 + -7 + 2?
0
What is the value of 1 + -4 + (-4 - (4 + -9))?
-2
-4 - (1 - 5) - -4
4
What is the value of -2 + -2 + (13 - 13)?
-4
Evaluate 10 - 2 - (3 - 0).
5
-344 + 345 + (1 - 1) + 2
3
9 + 1 + -2 - (48 + -43)
3
Evaluate -1 + 2 + (1 - -2) + 1.
5
-5 + 3 + (-4 - -9 - -6)
9
Evaluate 4 - 0 - (9 - (-5 + 12)).
2
Calculate (-3 - -8) + 2 + -3.
4
Evaluate -5 + (3 - (-5 + (2 - -3))).
-2
Evaluate 4 + 1 + -1 + 0.
4
Evaluate 3 + -3 + -1 + -2.
-3
Evaluate 2 + -6 + 3 - (6 - 8).
1
Calculate 8 - (10 + 1 - 2).
-1
What is -9 - (8 - 9 - -2)?
-10
What is (-5 - -1) + -1 + 3 - -7?
5
What is the value of 4 + (1 + -7 - 1)?
-3
Calculate (-3 - ((3 - 6) + 4)) + 6.
2
Evaluate 7 + -5 + (-2 - (-2 - 1)).
3
-2 - 0 - (-1 - -3)
-4
What is the value of -2 + -7 - (-42 - -35)?
-2
Calculate 2 - (0 - 1) - 2.
1
What is the value of -13 + (7 - (0 - (5 + -6)))?
-7
Calculate (3 - (0 - -2)) + 10 + -7.
4
What is the value of -7 - (11 + -5 + -5 + -5)?
-3
(-3 - -5) + -3 + -1
-2
(6 - 3) + 0 + 0 - 3
0
-9 + 5 + 0 + (3 - 6)
-7
What is 1 - (1 - 1) - (5 + -3)?
-1
Evaluate -6 + 0 - (-12 - (-2 + 2)).
6
Evaluate -3 + (-3 + 15 - 6 - 5).
-2
What is the value of -5 + -11 + 18 - (-4 + 2)?
4
-1 + -3 - (-13 - (8 + -20))
-3
What is (1 + -1 + -2 - 1) + 4?
1
What is 2 - (12 - 11 - (-6 + -1))?
-6
What is 8 - 5 - 3 - 4?
-4
What is the value of 0 + 5 + (3 - 7)?
1
(-1 - (-3 + 4 + -6)) + 0
4
Calculate 3 + -6 + 2 - (3 - 1).
-3
Calculate -3 + -9 - (-72 - -53).
7
(8 - 2) + (-1 - (-10 + 21))
-6
Calculate -9 - (-11 - (1 - 3)).
0
Calculate 1 + 4 + (95 - 99).
1
Evaluate 2 + 1 + (10 + -17 - 1).
-5
-7 + 23 + -20 + 0 + 0
-4
What is the value of (-1 - 1 - (-22 - -26)) + 12?
6
What is 4 + (-4 - (-14 + 5) - 5)?
4
What is -7 + 3 - (-1 + 1 + 0)?
-4
What is 4 + -6 + 2 + -1?
-1
What is 5 - (8 + -10 + 3)?
4
(-2 - 1) + (24 - 23)
-2
What is 11 + (-8 - (4 + -5))?
4
0 + (8 - 4) + -9
-5
Evaluate 4 + (-1 - -6) + -21 + 17.
5
What is the value of 2 + 14 + -12 - (7 - 2)?
-1
What is -1 + (4 - 6) - -5?
2
What is the value of 7 - (5 - 1) - 4 - 4?
-5
6 + 2 - (7 - 17 - -9)
9
What is the value of (-7 - 0) + 1 + 1?
-5
What is 30 - 33 - (1 - 1)?
-3
What is the value of (-9 - -13 - 3) + -3 + 1?
-1
13 + 2 + -1 + (24 - 30)
8
Calculate -4 + -4 + 2 - -4.
-2
What is the value of -4 + -4 + -1 + 3?
-6
What is -1 + (-1 + -2 + 2 - 2)?
-4
Calculate 2 - (2 + -8 + 15) - -10.
3
(-4 - (2 - 3)) + (-52 - -58)
3
Evaluate (-19 - -18) + (2 - -1).
2
Evaluate (-2 - 3) + 1 + -1.
-5
What is the value of -3 + -4 + 5 + 1?
-1
Calculate -9 + -12 + 4 + 17.
0
6 + (-1 - 4 - -1)
2
6 + (-6 - 3) - -9
6
3 - (-4 + 2 - -5)
0
-3 + -2 + 3 - -2
0
What is the value of -23 + 15 - (-7 - (-2 + 0))?
-3
Evaluate (13 - (15 - 8)) + -11 + 1.
-4
1 + -1 + -4 + -5 + 9
0
Evaluate (-8 - 0 - -2) + (-3 - -10).
1
What is (1 - 11) + 5 + -4?
-9
-20 + 8 - (-4 - (6 - 4))
-6
What is the value of (-6 - (-17 - -5)) + (-4 - 3)?
-1
-4 - -3 - (2 + (-3 - -5))
-5
What is -4 + 0 + (9 - 1)?
4
What is 11 + -12 - (0 + -3 - -2)?
0
What is (-7 - -4) + (2 - (3 - 4))?
0
What is the value of (-1 - 3) + 5 + -4 - -8?
5
Evaluate -4 + 7 + (-4 - (0 + 2)).
-3
Calculate -3 - (-9 + 5 - -2).
-1
What is 3 + (2 - (0 + 0)) - 2?
3
Evaluate 0 + 3 - (10 - 7).
0
Evaluate 1 + (19 - 9 - 2).
9
What is -8 + (-11 - (-6 - 18))?
5
What is 6 - (8 + -8) - (-3 - -4)?
5
What is -6 - ((-5 - (6 - 16)) + -6)?
-5
What is 3 + -2 + -1 + 1?
1
Evaluate -6 + (-6 - -6) + 6.
0
Calculate -1 - (2 + (-7 - (-4 - -2))).
2
What is the value of 3 + (-11 - -8) + (-3 - -1)?
-2
Calculate 0 - 3 - ((-4 - 5) + 8).
-2
What is -8 - (-23 + 8) - 8?
-1
What is the value of (-2 - -4) + 2 + (4 - 2)?
6
Evaluate (15 - 18) + (10 - 1).
6
What is the value of 2 + (-2 + 3 - (-1 + 3))?
1
5 + -15 + 18 + -5
3
4 + -4 - (-1 + -8)
9
-7 + (-2 - 6) - -10
-5
5 + (4 - ((-2 - -7) + 3))
1
What is 1 - -8 - (3 - -1)?
5
Calculate 5 + -5 + 0 + -3 + 3.
0
7 - (24 + -5 - 6)
-6
Calculate 7 + -7 + (3 - -2).
5
What is the value of 215 - 223 - (-1 + -15)?
8
-2 + 1 + 0 + 1
0
What is the value of -5 + 6 - (10 - 2 - 4)?
-3
What is 6 + -8 - (2 - 7) - 0?
3
What is the value of -2 - -5 - (1 + 0 + 0)?
2
Calculate 7 + 0 + (-2 - -15 - 14).
6
What is the value of (-8 - (-4 + 3)) + 3?
-4
Calculate -22 + 1 + 11 + 9.
-1
Calculate (12 - (-8 + 13)) + 2.
9
What is the value of 19 - 16 - (1 - 0) - 7?
-5
Calculate -3 + 7 + -1 + -3.
0
Evaluate (-4 - (-4 + 1)) + (-3 - 1).
-5
Calculate (-11 - (-8 + 6)) + 5.
-4
What is the value of -2 - 6 - (-18 + 7)?
3
What is the value of (5 - 5) + (-2 - 3)?
-5
Evaluate 1 + 4 + (24 + -20 - 17).
-8
Calculate 17 - 7 - (2 - -12).
-4
What is -8 + -3 + (1 - 3) + 5?
-8
What is the value of -7 + 5 + (-2 - -2)?
-2
What is (0 - (-16 - 0)) + -10?
6
What is the value of (-2 - 1) + 9 - 0?
6
Evaluate -3 + 0 + 0 + 1.
-2
What is the value of -9 + 12 - ((-2 - -4) + 3)?
-2
What is the value of 0 + (8 - 5) - (3 + 1)?
-1
Evaluate (-106 - -111) + -11 + 0.
-6
What is the value of -8 + (2 - -3 - (0 - -3))?
-6
Calculate 16 + (9 - (2 - -15)).
8
Calculate 0 + (5 - (-5 + 9)) + -6.
-5
Evaluate (1 - 1) + 0 + 0 + 3.
3
Evaluate -6 + 19 + (-3 - 6).
4
What is 1 - (-16 - (1 + -10))?
8
Calculate 3 + (-10 - -16) + -9.
0
Evaluate -12 + 3 - (-16 + 13) - -1.
-5
Calculate 1 - 10 - (-3 - 1).
-5
-2 + -1 + 3 + 0
0
What is the value of -8 + (1 - -5) - (5 + -2)?
-5
-2 + 7 + 5 + -8
2
Evaluate (7 + -2 - 2) + 1.
4
Calculate (4 - -1 - (2 + -1)) + -6.
-2
What is the value of 5 - 10 - (4 + -9)?
0
Evaluate 8 + 11 + (10 - 32).
-3
What is the value of (4 - (-2 + 2)) + (-7 - -1)?
-2
What is -7 + 21 + -5 - 4 - 3?
2
Calculate 2 + (-6 - -5 - 6).
-5
5 + -1 + -3 + -4
-3
Calculate 16 + 6 + -11 + (1 - 8).
4
Calculate (2 - -1) + (-5 - -3).
1
What is -5 + (0 + (-9 - -5) - -13)?
4
-4 + (33 + -36 - (0 - 5))
-2
What is the value of 1 - (-2 + 1 + 0 + -5)?
7
-1 + (-1 - (-6 + 3))
1
What is the value of 4 + -14 + 2 - -6?
-2
Calculate 7 - (-1 - -10 - (11 - 6)).
3
Calculate -1 - (5 - (19 - 6)).
7
What is the value of 0 - -1 - (4 + -8)?
5
9 - (1 + -8 + (2 - -11))
3
Calculate 2 + (-8 - (-6 - -3)).
-3
Calculate (-4 - 1 - -4 - -2) + -4.
-3
Evaluate -4 + (-7 + 12 - (-2 - -1)).
2
What is (-4 - -1) + 2 - 4?
-5
What is the value of -12 + 22 - (3 + 8)?
-1
(-1 - 4) + 1 + 0
-4
Evaluate -4 + 2 - (-1 + 1) - -2.
0
Evaluate 1 + 2 + -4 - 3.
-4
3 + -4 + 2 + -2
-1
What is the value of 4 - 7 - (3 + -3)?
-3
Calculate -4 + 2 - -6 - 3.
1
Calculate -3 + (-3 + 8 - 7).
-5
Evaluate -3 + 4 + -5 + (12 - 0).
8
1 + -2 + -2 + (-4 - -1)
-6
What is the value of (-2 - (-13 - 0)) + 49 + -53?
7
6 + -1 + -2 - 1 - 4
-2
1 + (0 - (4 - 4)) + 4
5
30 + -36 - ((3 - 1) + -7)
-1
Evaluate 6 + (-3 + -2 + 9 - 11).
-1
Evaluate -1 + 9 + -6 + -4.
-2
-1 + 1 - (5 - 7)
2
(-4 + 4 - -2) + 1
3
What is the value of 0 - (2 - 12 - -3)?
7
Evaluate 6 - 0 - (1 - -8).
-3
Evaluate (70 - 65) + (1 - (5 + 1)).
0
What is the value of 0 + -1 - -4 - (-7 + 3)?
7
Calculate (-3 - -2 - -1) + -11 + 7.
-4
Calculate -4 + -1 + 3 + 4.
2
Calculate 8 + (-8 - -3) + -1.
2
Calculate -4 + (1 + 1 - 1) - 0.
-3
4 + -4 + -4 - -7
3
(-9 - 0) + (7 - -4 - 6)
-4
-5 + (-10 + 3 - -5) + 4
-3
Evaluate -6 - (-2 + 0 + (3 - 3)).
-4
Evaluate (-6 + -6 - 4 - -3) + 4.
-9
What is 4 - (3 - 1) - -2?
4
Evaluate -1 - -4 - 4 - -2.
1
What is the value of 5 + 10 + (-10 - 1)?
4
Evaluate 2 + -5 - -14 - 10.
1
3 - (-9 + (-4 - -11))
5
What is the value of 10 - 21 - -22 - 6?
5
Calculate -20 + 5 - (-13 - (-3 + -6)).
-11
-9 - 0 - -4 - (-3 - -2)
-4
Calculate (1 - 1 - -7) + (-2 - 0).
5
3 + 2 + -6 + -2 + 4
1
Evaluate -1 - (3 + 0 + -5).
1
Calculate -13 + 26 + -5 - (7 - 2).
3
What is the value of (5 - 1) + (-3 - 2)?
-1
1 + 6 - (-1 - (4 - 4))
8
What is -5 + 1 - (-5 - -7)?
-6
Evaluate 6 + (11 - 13) - 9.
-5
Calculate -6 + -6 + 8 - (-1 - -2).
-5
-2 + 16 + -4 + -3
7
What is 1 + -1 + 40 + -34?
6
Evaluate (-5 - (-7 - -5)) + 3.
0
What is the value of (-1 - 3) + (-1 - -4)?
-1
Calculate 6 - (5 - -1 - 5).
5
Calculate 0 + -1 + -4 + 2 + 6.
3
What is -6 - (3 + 2 + (2 - 8))?
-5
Evaluate 6 + (-6 - 3) - -9.
6
10 - (2 + (-2 - -7))
3
Calculate -4 - (-8 + 3 + -3 + 0).
4
What is 0 + 2 + -3 + -1?
-2
Evaluate (-1 - 5) + 5 + -1.
-2
Evaluate (-2 - (0 + 4)) + 5.
-1
(1 - -3) + -8 + 4 + -5
-5
-3 + 2 + 2 + 4
5